{"id":2189,"date":"2024-07-29T17:59:57","date_gmt":"2024-07-29T14:59:57","guid":{"rendered":"https:\/\/kabinam.lt\/?post_type=product&#038;p=2189"},"modified":"2026-01-03T18:55:13","modified_gmt":"2026-01-03T16:55:13","slug":"engraved-key-pendants-ride-safe","status":"publish","type":"product","link":"https:\/\/kabinam.lt\/eng\/product\/graviruoti-raktu-pakabukai-ride-safe\/","title":{"rendered":"Engraved keyrings \u201eRide Safe I Need You Here With Me\u201c"},"content":{"rendered":"<div class=\"kk-star-ratings kksr-auto kksr-align-left kksr-valign-top\"\n    data-payload='{&quot;align&quot;:&quot;left&quot;,&quot;id&quot;:&quot;2189&quot;,&quot;slug&quot;:&quot;default&quot;,&quot;valign&quot;:&quot;top&quot;,&quot;ignore&quot;:&quot;&quot;,&quot;reference&quot;:&quot;auto&quot;,&quot;class&quot;:&quot;&quot;,&quot;count&quot;:&quot;0&quot;,&quot;legendonly&quot;:&quot;&quot;,&quot;readonly&quot;:&quot;&quot;,&quot;score&quot;:&quot;0&quot;,&quot;starsonly&quot;:&quot;&quot;,&quot;best&quot;:&quot;5&quot;,&quot;gap&quot;:&quot;5&quot;,&quot;greet&quot;:&quot;Mums svarbus j\u016bs\u0173 \u012fvertinimas&quot;,&quot;legend&quot;:&quot;0\\\/5 - (0 votes)&quot;,&quot;size&quot;:&quot;24&quot;,&quot;title&quot;:&quot;Graviruoti rakt\u0173 pakabukai \u201eRide Safe I Need You Here With Me\u201c&quot;,&quot;width&quot;:&quot;0&quot;,&quot;_legend&quot;:&quot;{score}\\\/{best} - ({count} {votes})&quot;,&quot;font_factor&quot;:&quot;1.25&quot;}'>\n            \n<div class=\"kksr-stars\">\n    \n<div class=\"kksr-stars-inactive\">\n            <div class=\"kksr-star\" data-star=\"1\" style=\"padding-right: 5px\">\n            \n\n<div class=\"kksr-icon\" style=\"width: 24px; height: 24px;\"><\/div>\n        <\/div>\n            <div class=\"kksr-star\" data-star=\"2\" style=\"padding-right: 5px\">\n            \n\n<div class=\"kksr-icon\" style=\"width: 24px; height: 24px;\"><\/div>\n        <\/div>\n            <div class=\"kksr-star\" data-star=\"3\" style=\"padding-right: 5px\">\n            \n\n<div class=\"kksr-icon\" style=\"width: 24px; height: 24px;\"><\/div>\n        <\/div>\n            <div class=\"kksr-star\" data-star=\"4\" style=\"padding-right: 5px\">\n            \n\n<div class=\"kksr-icon\" style=\"width: 24px; height: 24px;\"><\/div>\n        <\/div>\n            <div class=\"kksr-star\" data-star=\"5\" style=\"padding-right: 5px\">\n            \n\n<div class=\"kksr-icon\" style=\"width: 24px; height: 24px;\"><\/div>\n        <\/div>\n    <\/div>\n    \n<div class=\"kksr-stars-active\" style=\"width: 0px;\">\n            <div class=\"kksr-star\" style=\"padding-right: 5px\">\n            \n\n<div class=\"kksr-icon\" style=\"width: 24px; height: 24px;\"><\/div>\n        <\/div>\n            <div class=\"kksr-star\" style=\"padding-right: 5px\">\n            \n\n<div class=\"kksr-icon\" style=\"width: 24px; height: 24px;\"><\/div>\n        <\/div>\n            <div class=\"kksr-star\" style=\"padding-right: 5px\">\n            \n\n<div class=\"kksr-icon\" style=\"width: 24px; height: 24px;\"><\/div>\n        <\/div>\n            <div class=\"kksr-star\" style=\"padding-right: 5px\">\n            \n\n<div class=\"kksr-icon\" style=\"width: 24px; height: 24px;\"><\/div>\n        <\/div>\n            <div class=\"kksr-star\" style=\"padding-right: 5px\">\n            \n\n<div class=\"kksr-icon\" style=\"width: 24px; height: 24px;\"><\/div>\n        <\/div>\n    <\/div>\n<\/div>\n                \n\n<div class=\"kksr-legend\" style=\"font-size: 19.2px;\">\n            <span class=\"kksr-muted\">Your evaluation is important to us<\/span>\n    <\/div>\n    <\/div>\n<h3 class=\"\" data-start=\"279\" data-end=\"359\"><strong data-start=\"283\" data-end=\"359\">Graviruoti rakt\u0173 pakabukai su \u017einute \u201eRide Safe I Need You Here With Me\u201c<\/strong><\/h3>\n<p class=\"\" data-start=\"361\" data-end=\"613\">Ie\u0161kai dovanos motociklininkui, kuri tur\u0117t\u0173 prasm\u0119? \u0160is aksesuaras i\u0161siskiria ne tik dizainu, bet ir emociniu kr\u016bviu. <strong data-start=\"479\" data-end=\"509\">Engraved keyrings<\/strong> visada buvo populiarus pasirinkimas tiems, kurie nori padovanoti ne tik gra\u017e\u0173, bet ir prasming\u0105 daikt\u0105.<\/p>\n<hr class=\"\" data-start=\"615\" data-end=\"618\" \/>\n<p class=\"\" data-start=\"620\" data-end=\"663\"><strong data-start=\"620\" data-end=\"663\">Simbolin\u0117 apsauga kiekvienoje kelion\u0117je<\/strong><\/p>\n<p class=\"\" data-start=\"665\" data-end=\"984\">Ant pakabuko \u012fgraviruota fraz\u0117 <em data-start=\"696\" data-end=\"733\">\u201eRide Safe I need You here with me\u201c<\/em> skirta priminti, kaip svarbu r\u016bpintis savo saugumu kelyje. Tai ne \u0161iaip aksesuaras \u2013 tai tylus artimo \u017emogaus priminimas gr\u012f\u017eti sveikam. \u0160alia kabantis ma\u017eas metalinis motociklas sustiprina \u0161i\u0105 \u017einut\u0119 \u2013 tai puikus balansas tarp estetikos ir emocijos.<\/p>\n<hr class=\"\" data-start=\"986\" data-end=\"989\" \/>\n<p class=\"\" data-start=\"991\" data-end=\"1022\"><strong data-start=\"991\" data-end=\"1022\">Kokyb\u0117, kuri\u0105 galima jausti<\/strong><\/p>\n<p class=\"\" data-start=\"1024\" data-end=\"1304\">Pagamintas i\u0161 tvirto metalo, \u0161is pakabukas yra atsparus kasdieniam nusid\u0117v\u0117jimui. Tiksliai i\u0161graviruotas tekstas nei\u0161bluks, net po ilgo naudojimo. Solidus svoris suteikia kokyb\u0117s poj\u016bt\u012f, o detalus motocikliuko atvaizdas traukia ak\u012f kiekvienam dviratininkui ar motocikl\u0173 myl\u0117tojui.<\/p>\n<hr class=\"\" data-start=\"1306\" data-end=\"1309\" \/>\n<p class=\"\" data-start=\"1311\" data-end=\"1338\"><strong data-start=\"1311\" data-end=\"1338\">Suitable for various occasions<\/strong><\/p>\n<p class=\"\" data-start=\"1340\" data-end=\"1589\">Ie\u0161kai gimtadienio dovanos, Kal\u0117d\u0173 ar tiesiog ma\u017eos, bet reik\u0161mingos staigmenos? <strong data-start=\"1421\" data-end=\"1451\">Engraved keyrings<\/strong> su asmenine \u017einute visada yra tinkamas sprendimas. \u0160is modelis puikiai tiks tiek vyrams, tiek moterims, kuriems artima motocikl\u0173 kult\u016bra.<\/p>\n<p class=\"\" data-start=\"1591\" data-end=\"1765\">Rekomenduojame taip pat per\u017ei\u016br\u0117ti m\u016bs\u0173 <a class=\"cursor-pointer\" target=\"_new\" rel=\"noopener\" data-start=\"1631\" data-end=\"1711\">graviruot\u0173 pakabuk\u0173 kolekcij\u0105<\/a>, kur rasi dar daugiau \u012fkvepian\u010di\u0173 \u017einu\u010di\u0173 ir dizain\u0173.<\/p>\n<hr class=\"\" data-start=\"1767\" data-end=\"1770\" \/>\n<p class=\"\" data-start=\"1772\" data-end=\"1818\"><strong data-start=\"1772\" data-end=\"1818\">Great choice for a biker style<\/strong><\/p>\n<p class=\"\" data-start=\"1820\" data-end=\"2060\">This pendant perfectly matches the biker style. Metal surface, simple but bold font, and most importantly - authentic emotion. It's not just a functional item, but a piece of care that you can carry with you every day.<\/p>\n<hr class=\"\" data-start=\"2062\" data-end=\"2065\" \/>\n<p class=\"\" data-start=\"2067\" data-end=\"2103\"><strong data-start=\"2067\" data-end=\"2103\">Why choose this pendant?<\/strong><\/p>\n<ul data-start=\"2105\" data-end=\"2282\">\n<li class=\"\" data-start=\"2105\" data-end=\"2144\">\n<p class=\"\" data-start=\"2107\" data-end=\"2144\">Inspirational and sensitive engraved phrase<\/p>\n<\/li>\n<li class=\"\" data-start=\"2145\" data-end=\"2212\">\n<p class=\"\" data-start=\"2147\" data-end=\"2212\">Double design: pendant with text and miniature motorcycle<\/p>\n<\/li>\n<li class=\"\" data-start=\"2213\" data-end=\"2253\">\n<p class=\"\" data-start=\"2215\" data-end=\"2253\">Solid metal and lasting impression<\/p>\n<\/li>\n<li class=\"\" data-start=\"2254\" data-end=\"2282\">\n<p class=\"\" data-start=\"2256\" data-end=\"2282\">A gift that speaks for you<\/p>\n<\/li>\n<\/ul>\n<hr class=\"\" data-start=\"2284\" data-end=\"2287\" \/>\n<p class=\"\" data-start=\"2289\" data-end=\"2450\"><strong data-start=\"2289\" data-end=\"2308\">External link<\/strong><br data-start=\"2308\" data-end=\"2311\" \/>Looking for more gifts for bikers? Visit <a class=\"cursor-pointer\" target=\"_new\" rel=\"noopener\" data-start=\"2362\" data-end=\"2406\">Motocard.com<\/a>, where you'll find various biker accessories.<\/p>\n<p class=\"\" data-start=\"2452\" data-end=\"2660\">We also recommend checking out our <a class=\"cursor-pointer\" target=\"_new\" rel=\"noopener\" data-start=\"2491\" data-end=\"2596\">car key pendants category<\/a>, if you want a matching option for a four-wheeled vehicle.<\/p>","protected":false},"excerpt":{"rendered":"<p>Metalinis graviruotas pakabukas su jautria \u017einute ir motociklo detale \u2013 puiki dovana motociklininkui.<\/p>","protected":false},"featured_media":2199,"comment_status":"closed","ping_status":"closed","template":"","meta":{"_uag_custom_page_level_css":"","site-sidebar-layout":"default","site-content-layout":"","ast-site-content-layout":"default","site-content-style":"default","site-sidebar-style":"default","ast-global-header-display":"","ast-banner-title-visibility":"","ast-main-header-display":"","ast-hfb-above-header-display":"","ast-hfb-below-header-display":"","ast-hfb-mobile-header-display":"","site-post-title":"","ast-breadcrumbs-content":"","ast-featured-img":"","footer-sml-layout":"","ast-disable-related-posts":"","theme-transparent-header-meta":"default","adv-header-id-meta":"","stick-header-meta":"","header-above-stick-meta":"","header-main-stick-meta":"","header-below-stick-meta":"","astra-migrate-meta-layouts":"set","ast-page-background-enabled":"default","ast-page-background-meta":{"desktop":{"background-color":"var(--ast-global-color-4)","background-image":"","background-repeat":"repeat","background-position":"center center","background-size":"auto","background-attachment":"scroll","background-type":"","background-media":"","overlay-type":"","overlay-color":"","overlay-opacity":"","overlay-gradient":""},"tablet":{"background-color":"","background-image":"","background-repeat":"repeat","background-position":"center center","background-size":"auto","background-attachment":"scroll","background-type":"","background-media":"","overlay-type":"","overlay-color":"","overlay-opacity":"","overlay-gradient":""},"mobile":{"background-color":"","background-image":"","background-repeat":"repeat","background-position":"center center","background-size":"auto","background-attachment":"scroll","background-type":"","background-media":"","overlay-type":"","overlay-color":"","overlay-opacity":"","overlay-gradient":""}},"ast-content-background-meta":{"desktop":{"background-color":"var(--ast-global-color-5)","background-image":"","background-repeat":"repeat","background-position":"center center","background-size":"auto","background-attachment":"scroll","background-type":"","background-media":"","overlay-type":"","overlay-color":"","overlay-opacity":"","overlay-gradient":""},"tablet":{"background-color":"var(--ast-global-color-5)","background-image":"","background-repeat":"repeat","background-position":"center center","background-size":"auto","background-attachment":"scroll","background-type":"","background-media":"","overlay-type":"","overlay-color":"","overlay-opacity":"","overlay-gradient":""},"mobile":{"background-color":"var(--ast-global-color-5)","background-image":"","background-repeat":"repeat","background-position":"center center","background-size":"auto","background-attachment":"scroll","background-type":"","background-media":"","overlay-type":"","overlay-color":"","overlay-opacity":"","overlay-gradient":""}}},"product_brand":[],"product_cat":[126,91,117,116,95],"product_tag":[],"class_list":{"0":"post-2189","1":"product","2":"type-product","3":"status-publish","4":"has-post-thumbnail","6":"product_cat-visi","7":"product_cat-motociklo-raktu-pakabukai","8":"product_cat-graviruoti-raktu-pakabukai","9":"product_cat-metaliniai-raktu-pakabukai","10":"product_cat-unikalus-raktu-pakabukai","11":"desktop-align-center","12":"tablet-align-left","13":"mobile-align-left","15":"first","16":"outofstock","17":"shipping-taxable","18":"purchasable","19":"product-type-simple"},"yoast_head":"<!-- This site is optimized with the Yoast SEO plugin v27.1.1 - https:\/\/yoast.com\/product\/yoast-seo-wordpress\/ -->\n<title>Graviruoti rakt\u0173 pakabukai \u201eRide Safe I Need You Here With Me\u201c - kabinam.lt<\/title>\n<meta name=\"description\" content=\"Graviruoti rakt\u0173 pakabukai su \u017einute \u201eRide Safe I need You here with me\u201c \u2013 prasminga dovana motociklininkui.\" \/>\n<meta name=\"robots\" content=\"index, follow, max-snippet:-1, max-image-preview:large, max-video-preview:-1\" \/>\n<link rel=\"canonical\" href=\"https:\/\/kabinam.lt\/eng\/product\/engraved-key-pendants-ride-safe\/\" \/>\n<meta property=\"og:locale\" content=\"en_US\" \/>\n<meta property=\"og:type\" content=\"article\" \/>\n<meta property=\"og:title\" content=\"Graviruoti rakt\u0173 pakabukai \u201eRide Safe I Need You Here With Me\u201c - kabinam.lt\" \/>\n<meta property=\"og:description\" content=\"Graviruoti rakt\u0173 pakabukai su \u017einute \u201eRide Safe I need You here with me\u201c \u2013 prasminga dovana motociklininkui.\" \/>\n<meta property=\"og:url\" content=\"https:\/\/kabinam.lt\/eng\/product\/engraved-key-pendants-ride-safe\/\" \/>\n<meta property=\"og:site_name\" content=\"kabinam.lt\" \/>\n<meta property=\"article:modified_time\" content=\"2026-01-03T16:55:13+00:00\" \/>\n<meta property=\"og:image\" content=\"https:\/\/kabinam.lt\/wp-content\/uploads\/2024\/07\/d8feaec13e4863a1d59145c366896505.jpg\" \/>\n\t<meta property=\"og:image:width\" content=\"800\" \/>\n\t<meta property=\"og:image:height\" content=\"800\" \/>\n\t<meta property=\"og:image:type\" content=\"image\/jpeg\" \/>\n<meta name=\"twitter:card\" content=\"summary_large_image\" \/>\n<meta name=\"twitter:label1\" content=\"Est. reading time\" \/>\n\t<meta name=\"twitter:data1\" content=\"2 minutes\" \/>\n<script type=\"application\/ld+json\" class=\"yoast-schema-graph\">{\"@context\":\"https:\/\/schema.org\",\"@graph\":[{\"@type\":[\"WebPage\",\"ItemPage\"],\"@id\":\"https:\/\/kabinam.lt\/lt\/product\/graviruoti-raktu-pakabukai-ride-safe\/\",\"url\":\"https:\/\/kabinam.lt\/lt\/product\/graviruoti-raktu-pakabukai-ride-safe\/\",\"name\":\"Graviruoti rakt\u0173 pakabukai \u201eRide Safe I Need You Here With Me\u201c - kabinam.lt\",\"isPartOf\":{\"@id\":\"https:\/\/kabinam.lt\/#website\"},\"primaryImageOfPage\":{\"@id\":\"https:\/\/kabinam.lt\/lt\/product\/graviruoti-raktu-pakabukai-ride-safe\/#primaryimage\"},\"image\":{\"@id\":\"https:\/\/kabinam.lt\/lt\/product\/graviruoti-raktu-pakabukai-ride-safe\/#primaryimage\"},\"thumbnailUrl\":\"https:\/\/kabinam.lt\/wp-content\/uploads\/2024\/07\/d8feaec13e4863a1d59145c366896505.jpg\",\"datePublished\":\"2024-07-29T14:59:57+00:00\",\"dateModified\":\"2026-01-03T16:55:13+00:00\",\"description\":\"Graviruoti rakt\u0173 pakabukai su \u017einute \u201eRide Safe I need You here with me\u201c \u2013 prasminga dovana motociklininkui.\",\"breadcrumb\":{\"@id\":\"https:\/\/kabinam.lt\/lt\/product\/graviruoti-raktu-pakabukai-ride-safe\/#breadcrumb\"},\"inLanguage\":\"en-US\",\"potentialAction\":[{\"@type\":\"ReadAction\",\"target\":[\"https:\/\/kabinam.lt\/lt\/product\/graviruoti-raktu-pakabukai-ride-safe\/\"]}]},{\"@type\":\"ImageObject\",\"inLanguage\":\"en-US\",\"@id\":\"https:\/\/kabinam.lt\/lt\/product\/graviruoti-raktu-pakabukai-ride-safe\/#primaryimage\",\"url\":\"https:\/\/kabinam.lt\/wp-content\/uploads\/2024\/07\/d8feaec13e4863a1d59145c366896505.jpg\",\"contentUrl\":\"https:\/\/kabinam.lt\/wp-content\/uploads\/2024\/07\/d8feaec13e4863a1d59145c366896505.jpg\",\"width\":800,\"height\":800,\"caption\":\"Metalinis graviruotas pakabukas su emocinga \u017einute ir motociklo detale\"},{\"@type\":\"BreadcrumbList\",\"@id\":\"https:\/\/kabinam.lt\/lt\/product\/graviruoti-raktu-pakabukai-ride-safe\/#breadcrumb\",\"itemListElement\":[{\"@type\":\"ListItem\",\"position\":1,\"name\":\"Home\",\"item\":\"https:\/\/kabinam.lt\/\"},{\"@type\":\"ListItem\",\"position\":2,\"name\":\"Visi Produktai\",\"item\":\"https:\/\/kabinam.lt\/visi-produktai\/\"},{\"@type\":\"ListItem\",\"position\":3,\"name\":\"Graviruoti rakt\u0173 pakabukai \u201eRide Safe I Need You Here With Me\u201c\"}]},{\"@type\":\"WebSite\",\"@id\":\"https:\/\/kabinam.lt\/#website\",\"url\":\"https:\/\/kabinam.lt\/\",\"name\":\"kabinam.lt\",\"description\":\"Kabinam.lt \u2013 raktu pakabukai ir aksesuarai\",\"publisher\":{\"@id\":\"https:\/\/kabinam.lt\/#organization\"},\"alternateName\":\"pakabukai lt\",\"potentialAction\":[{\"@type\":\"SearchAction\",\"target\":{\"@type\":\"EntryPoint\",\"urlTemplate\":\"https:\/\/kabinam.lt\/?s={search_term_string}\"},\"query-input\":{\"@type\":\"PropertyValueSpecification\",\"valueRequired\":true,\"valueName\":\"search_term_string\"}}],\"inLanguage\":\"en-US\"},{\"@type\":\"Organization\",\"@id\":\"https:\/\/kabinam.lt\/#organization\",\"name\":\"kabinam.lt\",\"alternateName\":\"kabinam\",\"url\":\"https:\/\/kabinam.lt\/\",\"logo\":{\"@type\":\"ImageObject\",\"inLanguage\":\"en-US\",\"@id\":\"https:\/\/kabinam.lt\/#\/schema\/logo\/image\/\",\"url\":\"https:\/\/kabinam.lt\/wp-content\/uploads\/2025\/05\/KABINAM_outer_glow.png\",\"contentUrl\":\"https:\/\/kabinam.lt\/wp-content\/uploads\/2025\/05\/KABINAM_outer_glow.png\",\"width\":474,\"height\":141,\"caption\":\"kabinam.lt\"},\"image\":{\"@id\":\"https:\/\/kabinam.lt\/#\/schema\/logo\/image\/\"}}]}<\/script>\n<!-- \/ Yoast SEO plugin. -->","yoast_head_json":{"title":"Engraved key pendants \u201eRide Safe I Need You Here With Me\u201c - kabinam.lt","description":"Engraved key pendants with the message \u201eRide Safe I need You here with me\u201c \u2013 a meaningful gift for a motorcyclist.","robots":{"index":"index","follow":"follow","max-snippet":"max-snippet:-1","max-image-preview":"max-image-preview:large","max-video-preview":"max-video-preview:-1"},"canonical":"https:\/\/kabinam.lt\/eng\/product\/engraved-key-pendants-ride-safe\/","og_locale":"en_US","og_type":"article","og_title":"Graviruoti rakt\u0173 pakabukai \u201eRide Safe I Need You Here With Me\u201c - kabinam.lt","og_description":"Graviruoti rakt\u0173 pakabukai su \u017einute \u201eRide Safe I need You here with me\u201c \u2013 prasminga dovana motociklininkui.","og_url":"https:\/\/kabinam.lt\/eng\/product\/engraved-key-pendants-ride-safe\/","og_site_name":"kabinam.lt","article_modified_time":"2026-01-03T16:55:13+00:00","og_image":[{"width":800,"height":800,"url":"https:\/\/kabinam.lt\/wp-content\/uploads\/2024\/07\/d8feaec13e4863a1d59145c366896505.jpg","type":"image\/jpeg"}],"twitter_card":"summary_large_image","twitter_misc":{"Est. reading time":"2 minutes"},"schema":{"@context":"https:\/\/schema.org","@graph":[{"@type":["WebPage","ItemPage"],"@id":"https:\/\/kabinam.lt\/lt\/product\/graviruoti-raktu-pakabukai-ride-safe\/","url":"https:\/\/kabinam.lt\/lt\/product\/graviruoti-raktu-pakabukai-ride-safe\/","name":"Engraved key pendants \u201eRide Safe I Need You Here With Me\u201c - kabinam.lt","isPartOf":{"@id":"https:\/\/kabinam.lt\/#website"},"primaryImageOfPage":{"@id":"https:\/\/kabinam.lt\/lt\/product\/graviruoti-raktu-pakabukai-ride-safe\/#primaryimage"},"image":{"@id":"https:\/\/kabinam.lt\/lt\/product\/graviruoti-raktu-pakabukai-ride-safe\/#primaryimage"},"thumbnailUrl":"https:\/\/kabinam.lt\/wp-content\/uploads\/2024\/07\/d8feaec13e4863a1d59145c366896505.jpg","datePublished":"2024-07-29T14:59:57+00:00","dateModified":"2026-01-03T16:55:13+00:00","description":"Engraved key pendants with the message \u201eRide Safe I need You here with me\u201c \u2013 a meaningful gift for a motorcyclist.","breadcrumb":{"@id":"https:\/\/kabinam.lt\/lt\/product\/graviruoti-raktu-pakabukai-ride-safe\/#breadcrumb"},"inLanguage":"en-US","potentialAction":[{"@type":"ReadAction","target":["https:\/\/kabinam.lt\/lt\/product\/graviruoti-raktu-pakabukai-ride-safe\/"]}]},{"@type":"ImageObject","inLanguage":"en-US","@id":"https:\/\/kabinam.lt\/lt\/product\/graviruoti-raktu-pakabukai-ride-safe\/#primaryimage","url":"https:\/\/kabinam.lt\/wp-content\/uploads\/2024\/07\/d8feaec13e4863a1d59145c366896505.jpg","contentUrl":"https:\/\/kabinam.lt\/wp-content\/uploads\/2024\/07\/d8feaec13e4863a1d59145c366896505.jpg","width":800,"height":800,"caption":"Metalinis graviruotas pakabukas su emocinga \u017einute ir motociklo detale"},{"@type":"BreadcrumbList","@id":"https:\/\/kabinam.lt\/lt\/product\/graviruoti-raktu-pakabukai-ride-safe\/#breadcrumb","itemListElement":[{"@type":"ListItem","position":1,"name":"Home","item":"https:\/\/kabinam.lt\/"},{"@type":"ListItem","position":2,"name":"Visi Produktai","item":"https:\/\/kabinam.lt\/visi-produktai\/"},{"@type":"ListItem","position":3,"name":"Graviruoti rakt\u0173 pakabukai \u201eRide Safe I Need You Here With Me\u201c"}]},{"@type":"WebSite","@id":"https:\/\/kabinam.lt\/#website","url":"https:\/\/kabinam.lt\/","name":"kabinam.lt","description":"Kabinam.lt - key chains and accessories","publisher":{"@id":"https:\/\/kabinam.lt\/#organization"},"alternateName":"pakabukai lt","potentialAction":[{"@type":"SearchAction","target":{"@type":"EntryPoint","urlTemplate":"https:\/\/kabinam.lt\/?s={search_term_string}"},"query-input":{"@type":"PropertyValueSpecification","valueRequired":true,"valueName":"search_term_string"}}],"inLanguage":"en-US"},{"@type":"Organization","@id":"https:\/\/kabinam.lt\/#organization","name":"kabinam.lt","alternateName":"kabinam","url":"https:\/\/kabinam.lt\/","logo":{"@type":"ImageObject","inLanguage":"en-US","@id":"https:\/\/kabinam.lt\/#\/schema\/logo\/image\/","url":"https:\/\/kabinam.lt\/wp-content\/uploads\/2025\/05\/KABINAM_outer_glow.png","contentUrl":"https:\/\/kabinam.lt\/wp-content\/uploads\/2025\/05\/KABINAM_outer_glow.png","width":474,"height":141,"caption":"kabinam.lt"},"image":{"@id":"https:\/\/kabinam.lt\/#\/schema\/logo\/image\/"}}]}},"uagb_featured_image_src":{"full":["https:\/\/kabinam.lt\/wp-content\/uploads\/2024\/07\/d8feaec13e4863a1d59145c366896505.jpg",800,800,false],"thumbnail":["https:\/\/kabinam.lt\/wp-content\/uploads\/2024\/07\/d8feaec13e4863a1d59145c366896505-150x150.jpg",150,150,true],"medium":["https:\/\/kabinam.lt\/wp-content\/uploads\/2024\/07\/d8feaec13e4863a1d59145c366896505-300x300.jpg",300,300,true],"medium_large":["https:\/\/kabinam.lt\/wp-content\/uploads\/2024\/07\/d8feaec13e4863a1d59145c366896505-768x768.jpg",768,768,true],"large":["https:\/\/kabinam.lt\/wp-content\/uploads\/2024\/07\/d8feaec13e4863a1d59145c366896505.jpg",800,800,false],"1536x1536":["https:\/\/kabinam.lt\/wp-content\/uploads\/2024\/07\/d8feaec13e4863a1d59145c366896505.jpg",800,800,false],"2048x2048":["https:\/\/kabinam.lt\/wp-content\/uploads\/2024\/07\/d8feaec13e4863a1d59145c366896505.jpg",800,800,false],"trp-custom-language-flag":["https:\/\/kabinam.lt\/wp-content\/uploads\/2024\/07\/d8feaec13e4863a1d59145c366896505.jpg",12,12,false],"woocommerce_thumbnail":["https:\/\/kabinam.lt\/wp-content\/uploads\/2024\/07\/d8feaec13e4863a1d59145c366896505-300x300.jpg",300,300,true],"woocommerce_single":["https:\/\/kabinam.lt\/wp-content\/uploads\/2024\/07\/d8feaec13e4863a1d59145c366896505-600x600.jpg",600,600,true],"woocommerce_gallery_thumbnail":["https:\/\/kabinam.lt\/wp-content\/uploads\/2024\/07\/d8feaec13e4863a1d59145c366896505-100x100.jpg",100,100,true]},"uagb_author_info":{"display_name":"kabinam.lt","author_link":"https:\/\/kabinam.lt\/eng\/author\/"},"uagb_comment_info":0,"uagb_excerpt":"Metalinis graviruotas pakabukas su jautria \u017einute ir motociklo detale \u2013 puiki dovana motociklininkui.","_links":{"self":[{"href":"https:\/\/kabinam.lt\/eng\/wp-json\/wp\/v2\/product\/2189","targetHints":{"allow":["GET"]}}],"collection":[{"href":"https:\/\/kabinam.lt\/eng\/wp-json\/wp\/v2\/product"}],"about":[{"href":"https:\/\/kabinam.lt\/eng\/wp-json\/wp\/v2\/types\/product"}],"replies":[{"embeddable":true,"href":"https:\/\/kabinam.lt\/eng\/wp-json\/wp\/v2\/comments?post=2189"}],"wp:featuredmedia":[{"embeddable":true,"href":"https:\/\/kabinam.lt\/eng\/wp-json\/wp\/v2\/media\/2199"}],"wp:attachment":[{"href":"https:\/\/kabinam.lt\/eng\/wp-json\/wp\/v2\/media?parent=2189"}],"wp:term":[{"taxonomy":"product_brand","embeddable":true,"href":"https:\/\/kabinam.lt\/eng\/wp-json\/wp\/v2\/product_brand?post=2189"},{"taxonomy":"product_cat","embeddable":true,"href":"https:\/\/kabinam.lt\/eng\/wp-json\/wp\/v2\/product_cat?post=2189"},{"taxonomy":"product_tag","embeddable":true,"href":"https:\/\/kabinam.lt\/eng\/wp-json\/wp\/v2\/product_tag?post=2189"}],"curies":[{"name":"wp","href":"https:\/\/api.w.org\/{rel}","templated":true}]}}